- 52?
-50
In base 8, what is 2 - -24?
26
In base 6, what is 1 - 422?
-421
In base 15, what is -2 - -753?
751
In base 2, what is -111 - 10100?
-11011
In base 4, what is 212233 - 1?
212232
In base 12, what is 3b1 + -2?
3ab
In base 3, what is -110 - -210111?
210001
In base 7, what is 3 - 12?
-6
In base 6, what is 13 + 11?
24
In base 8, what is 15 + -36?
-21
In base 8, what is 3 - -3?
6
In base 14, what is 24 + 24?
48
In base 11, what is -18 - -15?
-3
In base 6, what is 145 - 0?
145
In base 10, what is -8 - 44?
-52
In base 2, what is -1010011 + -101010?
-1111101
In base 7, what is -2 + -2013?
-2015
In base 8, what is -635 - 14?
-651
In base 12, what is 9 + -262?
-255
In base 14, what is -9a8 - 3?
-9ab
In base 2, what is 1011111 - 0?
1011111
In base 11, what is -a16 + 0?
-a16
In base 12, what is 28 + 9?
35
In base 15, what is -2 - 89?
-8b
In base 10, what is 3 + -3648?
-3645
In base 4, what is -3 - 1312?
-1321
In base 8, what is 46 - -1?
47
In base 5, what is 1211 + 4?
1220
In base 13, what is -775 + c?
-766
In base 8, what is -23 + 1?
-22
In base 12, what is 6 - 981?
-977
In base 8, what is -4 + -16?
-22
In base 10, what is -2 - 313?
-315
In base 16, what is -5 + -214?
-219
In base 10, what is 1097 + -6?
1091
In base 5, what is -43 + -4?
-102
In base 16, what is -a + 26?
1c
In base 11, what is -428 + -4?
-431
In base 11, what is -1a1 + -a?
-200
In base 15, what is 38 - -6?
3e
In base 11, what is -15a - 5?
-164
In base 15, what is 175b + -1?
175a
In base 13, what is -1 + 4a1?
4a0
In base 8, what is 214 + 1?
215
In base 7, what is -14 + -26?
-43
In base 2, what is 11111101 + 110101?
100110010
In base 10, what is -2137 - 2?
-2139
In base 16, what is 1e - 4?
1a
In base 4, what is 11 + -123?
-112
In base 9, what is 4 - -46?
51
In base 11, what is 101 - 1?
100
In base 12, what is 5b + -22?
39
In base 8, what is 3 - -6?
11
In base 16, what is 3b - b?
30
In base 2, what is 1010011010 + 1?
1010011011
In base 8, what is 43 - 2?
41
In base 15, what is -6 + -7d8?
-7de
In base 8, what is -23 + -26?
-51
In base 16, what is -241 + 2?
-23f
In base 13, what is 19b - 2?
199
In base 8, what is -14 + 1052?
1036
In base 9, what is -306 - 0?
-306
In base 15, what is 39 - -5?
3e
In base 14, what is 5b6 - 3?
5b3
In base 3, what is 102 + 10000102?
10000211
In base 2, what is -1010 + -101000000?
-101001010
In base 8, what is -1344 + -1?
-1345
In base 9, what is 144 + -1?
143
In base 10, what is 64 + -114?
-50
In base 11, what is -4 + 143?
13a
In base 4, what is -3 + 12220?
12211
In base 10, what is -109 + 6?
-103
In base 15, what is 4 + 3c?
41
In base 14, what is d - 512?
-503
In base 3, what is -2102012 - -1?
-2102011
In base 10, what is -205 + -2?
-207
In base 2, what is 11100011 - 11?
11100000
In base 16, what is -4 + 8a?
86
In base 13, what is -3c - -8?
-34
In base 13, what is -69 + -14?
-80
In base 4, what is -1 + 231?
230
In base 5, what is 103002 + 3?
103010
In base 10, what is 1864 - 3?
1861
In base 9, what is -1 - 3025?
-3026
In base 6, what is 1001 + -4?
553
In base 7, what is 2 + 30?
32
In base 3, what is -12 - 200?
-212
In base 13, what is -6 + -169?
-172
In base 5, what is -4 - 1214?
-1223
In base 4, what is 221 + -11?
210
In base 11, what is -170 - 9?
-179
In base 13, what is 55 + -28?
2a
In base 2, what is -10 + -11011100?
-11011110
In base 2, what is 1011 - 10101?
-1010
In base 14, what is -1aad - 5?
-1ab4
In base 4, what is -3 - -230112?
230103
In base 2, what is -10100001 + 10010?
-10001111
In base 9, what is 3 - 17?
-14
In base 8, what is 57 - -2?
61
In base 8, what is -4 - -167?
163
In base 6, what is -1 - -13?
12
In base 6, what is 1300 - 21?
1235
In base 5, what is 10021 - 13?
10003
In base 3, what is 1 + -210?
-202
In base 16, what is -955 - -3?
-952
In base 15, what is 2b - -1?
2c
In base 3, what is -2110122 - 21?
-2110220
In base 14, what is -3 + -1d2?
-1d5
In base 7, what is 136 - -1?
140
In base 9, what is -113 - 4?
-117
In base 12, what is -1004 - 3?
-1007
In base 6, what is 411 - -13?
424
In base 9, what is 7 + 45?
53
In base 12, what is -3a96 - 0?
-3a96
In base 12, what is 5 + 135?
13a
In base 6, what is 50 + 14?
104
In base 8, what is 2 - 4125?
-4123
In base 7, what is -60 + 0?
-60
In base 16, what is 21 + 30?
51
In base 6, what is -15 + -503?
-522
In base 8, what is 3 - -617?
622
In base 7, what is 2061 - 4?
2054
In base 2, what is 100 - -101011?
101111
In base 11, what is 0 + -118a?
-118a
In base 7, what is 1 - 1416?
-1415
In base 15, what is -3 - 17d?
-181
In base 14, what is -6d + -3?
-72
In base 6, what is 521 + -5?
512
In base 14, what is -31 + 2?
-2d
In base 6, what is -1124 + -10?
-1134
In base 3, what is -10 + -20221?
-21001
In base 13, what is -1b0 + 22?
-18b
In base 6, what is 215 - 4?
211
In base 15, what is -6 - 26?
-2c
In base 7, what is -245 - -4?
-241
In base 14, what is -5 + 72?
6b
In base 9, what is -115 - -12?
-103
In base 8, what is 125 - 5?
120
In base 11, what is 3 + -30?
-28
In base 12, what is -1705 - 4?
-1709
In base 13, what is -74 + -3?
-77
In base 3, what is 2011201 + 10?
2011211
In base 3, what is -2022021 + 1?
-2022020
In base 5, what is 201 + -32?
114
In base 10, what is -1585 - -2?
-1583
In base 2, what is 1110001 + 111111?
10110000
In base 2, what is 10 + -1011100011010?
-1011100011000
In base 9, what is -68277 - 5?
-68283
In base 14, what is -1 - 72?
-73
In base 12, what is 2 + -4a?
-48
In base 5, what is -24 - -103?
24
In base 7, what is 640 - 16?
621
In base 9, what is -1517 - 2?
-1520
In base 4, what is -23 - 20?
-103
In base 9, what is 14671 + -5?
14665
In base 5, what is -10 + 3022?
3012
In base 12, what is 3 + -55?
-52
In base 9, what is 10 - 54?
-44
In base 6, what is -440 + 0?
-440
In base 8, what is -5 + 54?
47
In base 4, what is -3 + -1333?
-2002
In base 16, what is -5 - 280?
-285
In base 2, what is -10011 - -10111100?
10101001
In base 7, what is -35124 + -3?
-35130
In base 16, what is 5 - 1ad?
-1a8
In base 5, what is -1 - -142?
141
In base 11, what is -2 + -415?
-417
In base 8, what is -410 + 1?
-407
In base 12, what is -6 - 32?
-38
In base 11, what is -a2a - 0?
-a2a
In base 11, what is -1 - -61?
60
In base 12, what is -12 + -50b?
-521
In base 9, what is -87 - 0?
-87
In base 15, what is 4 + 5d2?
5d6
In base 16, what is 7d - 0?
7d
In base 3, what is -20 + -20012?
-20102
In base 6, what is -3231 + 2?
-3225
In base 14, what is -2 - 18?
-1a
In base 5, what is 1122 - -312?
1434
In base 8, what is -15 - -24?
7
In base 9, what is -8 + -532?
-541
In base 6, what is 53 - 132?
-35
In base 14, what is -20 - 19?
-39
In base 4, what is -30 + 122223?
122133
In base 7, what is 4 + 216?
223
In base 5, what is 10321 + -13?
10303
In base 3, what is -2002 + -10?
-2012
In base 11, what is 466 - 5?
461
In base 2, what is -1100100 - 11?
-1100111
In base 14, what is -9c + -1b?
-b9
In base 12, what is -5 - 29a?
-2a3
In base 15, what is 0 + 296?
296
In base 3, what is -22 - 1012?
-1111
In base 12, what is 61 - 160?
-bb
In base 6, what is -3 - -21535?
21532
In base 15, what is 11 + -2?
e
In base 5, what is -3 - 3312?
-3320
In base 2, what is -100000001 + -101?
-100000110
In base 15, what is 4 - 18?
-14
In base 10, what is 66 + 2?
68
In base 7, what is -24 + 32?
5
In base 15, what is -23b + -2?
-23d
In base 7, what is 214 + 6?
223
In base 5, what is -4 - 21?
-30
In base 8, what is -30 + 3?
-25
In base 13, what is 197 - 1?
196
In base 16, what is 5 - 1813?
-180e
In base 12, what is -79 - 5?
-82
In base 9, what is -1248 - -5?
-1243
In base 6, what is -341 - 5?
-350
In base 2, what is -1001000101011 - 11?
-1001000101110
In base 3, what is 20111 + 12?
20200
In base 7, what is -5 + 234?
226
In base 3, what is 110120 + 2?
110122
In base 5, what is 3 + -2201?
-2143
In base 16, what is -d0f + 4?
-d0b
In base 14, what is -653 - 4?
-657
In base 16, what is 9 + -91?
-88
In base 5, what is 1020413 + 3?
1020421
In base 4, what is -121 - -221?
100
In base 4, what is -1331112 + 0?
-1331112
In base 7, what is -5 + -26?
-34
In base 13, what is -37a + c?
-36b
In base 6, what is -10 - 0?
-10
In base 16, what is 4b7 + 1?
4b8
In base 16, what is -26 - 8?
-2e
In base 16, what is -51e0 - -5?
-51db
In base 5, what is -10 + -12001?
-12011
In base 10, what is 58 + -38?
20
In base 16, what is 144 + -b?
139
In base 7, what is -206 + 5?
-201
In bas